m be h(-6). Let s = 15 + m. What are the prime factors of s?
2
What are the prime factors of ((134 - 2)/(-4))/(-1)?
3, 11
List the prime factors of 2 + -3 + (-5 - -197)/4.
47
Suppose 76 = 5*s - 79. Let q be 5/((2/(-12))/(1/(-2))). Let o = s - q. What are the prime factors of o?
2
What are the prime factors of 22 + -2*(3 - 2)?
2, 5
Let y be (12/(-8))/(6/(-8)). Let j = y - 7. Let n = j + 9. What are the prime factors of n?
2
Suppose 3*w - 39 = 4*k - 0*w, -2*w = -k - 6. List the prime factors of (12/(-8))/(9/k).
2
Let q = 10 - 23. Let r = -6 - q. Suppose -2*x + 16 = 3*g, 0 = -r*g + 3*g + 2*x + 12. List the prime factors of g.
2
Let s(k) = k. Let h be s(2). Suppose -h*i = -2 - 2. Suppose 3*p + f - 25 = i*f, -f = p - 15. List the prime factors of p.
2, 5
Let u = -2 + 9. Let f(n) = n**2 - 3*n - 7. List the prime factors of f(u).
3, 7
Let w(m) = m**3 - 7*m**2 + m + 3. Let q(p) = 2*p + 1. Let r(z) = z + 1. Let d be r(2). Let l be q(d). What are the prime factors of w(l)?
2, 5
Suppose -5*z - 3*y = 94, -4*z + 4*y - 28 = -3*z. What are the prime factors of 1/(-4) + (-45)/z?
2
Let h(q) = -q**3 + 7*q**2 + 2*q - 7. Let w be h(7). Suppose w*d = 3*d + 8. List the prime factors of d.
2
Suppose 4*t + 5*p = 115, -2*p + 4*p = -t + 28. List the prime factors of t.
2, 3, 5
Suppose 4*k + 3*a = -k + 72, -5*k = -2*a - 52. List the prime factors of k.
2, 3
Let m = 229 + -107. List the prime factors of m.
2, 61
Let w = 17 - -153. List the prime factors of w.
2, 5, 17
Let s = 3 + -5. Let z be 2/(s/164*-2). Suppose 17 - z = -5*t. List the prime factors of t.
13
Let j(g) = 3*g**2 + g - 4. Let y(p) = 2*p**2 + p - 3. Let o(m) = 5*j(m) - 6*y(m). List the prime factors of o(-3).
2, 7
Suppose 4*i - 3*o = -0*i + 12, 0 = o + 4. Let s be i - (-1 - (-3 - 0)). What are the prime factors of 3/s*(2 - 4)?
3
List the prime factors of (-6)/(-2 - (-96)/51).
3, 17
Let j be 0/3 + (-4)/(-2). Let u(o) = 2*o**j + 3*o**2 + o**2. List the prime factors of u(1).
2, 3
Let x(g) = 5*g + 64. Let p(w) = -w - 16. Let v(i) = -9*p(i) - 2*x(i). List the prime factors of v(-13).
29
Suppose 2*w + 3*w + 32 = -j, 0 = 2*j + 3*w + 36. Let z be j*1/(-6)*2. List the prime factors of (-85)/(-20) - 1/z.
2
Let l be (-275)/(-3) + (-4)/(-12). Suppose 3*t + l = 7*t. List the prime factors of t.
23
Suppose 3*u - 10 = -1. Let k(i) = i**3 + i**2 - 4*i + 1. What are the prime factors of k(u)?
5
Suppose -3*x + 14 = -10. List the prime factors of x.
2
Suppose -105 = -2*g + 7*g. Let y = 48 + g. List the prime factors of (-6)/(-12) - y/(-2).
2, 7
Let x be (6/(-9))/((-3)/18). Suppose 4*c = 3*d + d - 12, -2*d + 18 = x*c. Suppose 69 = d*f + 4. What are the prime factors of f?
13
Let x = 35 - -5. Suppose 0 = 5*r - x - 0. Suppose 5*g - 22 = r. What are the prime factors of g?
2, 3
Suppose 699 = -10*c + 2419. What are the prime factors of c?
2, 43
Suppose 2*x + 3*n - 58 = n, -4*n = -x + 24. List the prime factors of x.
2, 7
Suppose 0 = -4*f - 2*l - 12, l + 12 = f - 5*f. Let a be (-3)/f + -3 - -2. Suppose -d + 3*j = -0*d - 1, a = 3*j - 9. List the prime factors of d.
2, 5
Let o(v) be the second derivative of v**6/45 - v**4/24 + v**3/6 - v. Let l(j) be the second derivative of o(j). What are the prime factors of l(-1)?
7
Suppose 10 = 5*a, 0*l - 2*l - 4*a = -170. What are the prime factors of l?
3
Suppose -62 - 34 = -3*d. List the prime factors of d.
2
Let g be (-2)/(-10) - 72/(-15). What are the prime factors of (-4)/(g/3 - 2)?
2, 3
Let m(a) = -3*a + 2. Let n be m(-3). Suppose -4*s - 5*z = -8, -10 = -4*s - 2*z + 10. Let q = n - s. List the prime factors of q.
2
Let l = 1 - -6. Suppose 3*v = l*v - 8. What are the prime factors of 2 + (v - 2 - 0)?
2
What are the prime factors of 66 + -3*5/(-15)?
67
Let w(g) = -g**3 + 9*g**2 + 12*g + 1. What are the prime factors of w(10)?
3, 7
Suppose -48 = -0*v - 4*v. List the prime factors of v.
2, 3
Let q(t) = 8*t + 1. Let i be q(12). Let y = -68 + i. List the prime factors of y.
29
Let o(t) = 11*t**2 - t - 13. List the prime factors of o(-3).
89
Let b(p) be the second derivative of p**4/24 + p**3/3 + p**2/2 - 2*p. Let v(g) be the first derivative of b(g). What are the prime factors of v(5)?
7
Suppose -3*j + 9 = 0, 0*v + 2*j = v + 2. Suppose -2*y - 3*d + d = -18, -2*y = -v*d + 12. What are the prime factors of y?
2
Let p(o) = o - 1. Let d = 5 - -1. List the prime factors of p(d).
5
Let l be (-10)/(-3)*6/(-4). Let z(o) = -2*o - 4. What are the prime factors of z(l)?
2, 3
Let j be 8*45/(-24)*2. Let z = -20 - j. List the prime factors of z.
2, 5
Let c(q) = 42*q**2 + q + 2. Let b(v) = -v**3 + 4*v**2 + v - 5. Let y be b(4). List the prime factors of c(y).
43
Let a(i) = 5*i**3 - 2*i**2 - 2. What are the prime factors of a(2)?
2, 3, 5
Let k be 10/(-8)*(-8)/2. Suppose -z - 3*z - m + 14 = 0, k*z = -4*m + 12. List the prime factors of z.
2
Let c(l) = -l**2 - 6*l - 3. Let p be c(-5). Let t(h) = p*h - h - 7*h. List the prime factors of t(-2).
2, 3
Suppose 2*q + 1 - 219 = 0. Let u = q - 58. What are the prime factors of u?
3, 17
Let n be (-2)/4 + 75/30. Suppose r - z - 62 = -n*r, 4*r + 3*z = 74. List the prime factors of r.
2, 5
Suppose 7*a - 3*a + 36 = 0. List the prime factors of (24/a)/(2/(-3)).
2
Suppose -7*t + 1750 = 532. What are the prime factors of t?
2, 3, 29
Let l be (42/(-8))/((-1)/(-4)). Suppose 11 = -t + 1. Let j = t - l. List the prime factors of j.
11
Suppose -3*v - a + 292 = 2*v, 2*a - 294 = -5*v. List the prime factors of v.
2, 29
Suppose n + 0 = 2. Let y(m) = -1 - 3 + 3 + m**n. List the prime factors of y(-4).
3, 5
List the prime factors of 60/8*(-66)/(-9).
5, 11
Let f(y) = -10*y + 24. List the prime factors of f(-8).
2, 13
Suppose 3*k = -2*k + 15. Suppose o - 5*v + 11 = -0*o, 5*v = -5*o + 65. What are the prime factors of -3*k*(-10)/o?
2, 5
Let h(a) = -a**2 - 9*a + 8. Let z be h(-6). Suppose 3*k = f + 6 + 13, 5*k - z = -4*f. Suppose g = -0*g + k. What are the prime factors of g?
2, 3
Let a = 9 + 18. What are the prime factors of a?
3
Let b = 14 + -10. Let u be -2 - 3/(6/(-44)). Suppose -4*x + a = -14, x = -3*x + b*a + u. List the prime factors of x.
3
Suppose 6*i - 16 - 38 = 0. Let u(o) = -o**2 + o + 1. Let l be u(3). Let v = i - l. List the prime factors of v.
2, 7
Let z(l) = -l**2 - 16*l + 1. List the prime factors of z(-13).
2, 5
Let v = -22 + 39. Let g = v - 6. List the prime factors of g.
11
Let t(u) = 6*u - 6. Suppose 20 = 4*b - 0*b. List the prime factors of t(b).
2, 3
Let y = 104 + -94. What are the prime factors of y?
2, 5
Suppose 2 = -5*u + 22. Suppose 9*v = u*v + 150. Suppose -y - 4*y + v = 0. List the prime factors of y.
2, 3
List the prime factors of 50/(-25) - (-150 + -1).
149
Suppose 0 = -3*n + 2*n + 5*p, -n - 21 = 2*p. Let i = 35 + n. List the prime factors of i.
2, 5
What are the prime factors of (-8 - -11)/((-3)/(-340))?
2, 5, 17
Let h(t) = 4*t**2 - t. Let j be (-35)/45 - (-4)/(-18). List the prime factors of h(j).
5
Let b(d) be the first derivative of 3 - 2*d + 1/2*d**2. List the prime factors of b(11).
3
Suppose -137 = -4*r - g + 93, 3*r + 3*g = 168. Suppose 4*n - r = -2*b, 2*b - n - 161 = -2*b. What are the prime factors of b?
3, 13
Let n(i) = i**3 + 6*i**2 - 4*i + 3. Suppose 3*l + y = 4*l + 5, -4*y = 4*l + 28. What are the prime factors of n(l)?
3
Let a(j) = j**2 + j - 10. List the prime factors of a(10).
2, 5
Let y(s) = -s**2 - 7*s - 3. Let a(v) = 22*v - 1. Let i be a(1). Suppose 0 = -2*d + 3*p - 9 - 7, -5*d = 2*p + i. What are the prime factors of y(d)?
7
Let q(a) = -4*a - 4. Suppose 0 = 2*z + m + 8, -2*m - m = z + 9. Let g be 0/(6/2) + z. What are the prime factors of q(g)?
2
Suppose 4 = -5*k - t + 19, -k - 4*t + 22 = 0. What are the prime factors of k?
2
Let f = 41 - -42. List the prime factors of f.
83
Let z = -12 - -51. List the prime factors of z.
3, 13
Suppose -6*d - n + 23 = -2*d, n = 4*d - 25. What are the prime factors of d?
2, 3
Let a(y) = 7*y**3 + 10*y**2 - 3*y + 11. Let u(t) = -3*t**3 - 5*t**2 + t - 5. Let z(q) = 4*a(q) + 9*u(q). What are the prime factors of z(6)?
17
Let l = 151 + -41. List the prime factors of l.
2, 5, 11
Suppose 3*u = 8*u - 725. What are the prime factors of u?
5, 29
Suppose -g = 2*g - 9. Suppose 4*z - 15 - 9 = 0. Let r = z - g. What are the prime factors of r?
3
Let x = -102 + 147. List the prime factors of x.
3, 5
Suppose -2*g - 4 =